 be the third derivative of m**5/60 - m**4/4 - 5*m**3/6 - 4*m**2. Let p(f) = f**2 - 3*f - 4. Let g be p(5). Calculate l(g).
-5
Let g be 1 - (-2 - -7)*-1. Let s = -11 + g. Let n(a) be the second derivative of a**3/6 - a**2 - a. What is n(s)?
-7
Let a(b) = b**2 + 5*b + 1. Let v(g) = -2*g**2 - 10*g - 2. Let r(j) = -5*a(j) - 2*v(j). Let u = -23 + 18. Determine r(u).
-1
Let k(p) = 3*p - 3. Suppose -5*x - z = -60, -3*x + 5*z + 19 = x. Let r(a) = 16*a - 16. Let m(t) = x*k(t) - 2*r(t). Determine m(3).
2
Let u(t) = 6 + 6 - 12 - 2*t. Give u(2).
-4
Let a(r) be the second derivative of r**3/6 + 5*r**2/2 + r - 14. What is a(-8)?
-3
Suppose 0 = 7*d - d + 18. Let v be d*(10/6 + -1). Let u(z) = z**3 + 2*z**2 + 2*z + 1. Calculate u(v).
-3
Let y(l) = 263 - 263 + 2*l**2 + 7*l**3 + l. Determine y(-1).
-6
Let i(q) = q**3 - q + 1. Let a(j) = -7*j**3 - j**2 + 6*j - 4. Let p(h) = -a(h) - 6*i(h). What is p(0)?
-2
Let l(a) = 4*a**2 + 1. Suppose 0 = 5*b + 3*c + 6 - 23, 24 = 4*b + 5*c. What is l(b)?
5
Let l(s) = -2*s**3 - 8*s**2 + 2*s + 1. Let v(m) = -m**3 - 7*m**2 + 2*m + 1. Let i(y) = -3*l(y) + 4*v(y). Calculate i(2).
5
Let o(r) = 4*r + 20. Let q(m) = -m - 7. Let p(k) = 3*o(k) + 10*q(k). Determine p(7).
4
Let g(y) = y**2 - 2. Suppose 3*p - 2*v = 4, -2*v = -v - 4. Let b(l) = l**2 - 3. Let z(j) = p*b(j) - 3*g(j). Let k = -3 + 3. Determine z(k).
-6
Let t(q) be the first derivative of -7*q - 1 + q**2 + 1/4*q**4 + 2*q**3. Let z(k) = 2*k + 1. Let p be z(-3). What is t(p)?
8
Let f = 7 - 3. Suppose f*w - 5 - 15 = 0. Suppose 0 = -w*o - 9 - 6. Let j(k) = k**2 + k - 2. What is j(o)?
4
Let q(i) = -i**3 - 5*i**2 - 5*i + 12. Let p(v) = -v**3 - 4*v**2 - 4*v + 11. Let b(n) = -5*p(n) + 4*q(n). Give b(0).
-7
Let r = -13 - -14. Let u(o) = -4*o + 1. Let h be u(r). Let a(s) = -2*s**2 - 4*s + 1. Give a(h).
-5
Suppose -2*z + 3 + 1 = 0. Let d(b) = -b**3 + b. Let c be d(z). Let j(s) = s**3 + 5*s**2 - 6*s. Give j(c).
0
Let k(c) = -1. Let o(w) = -w - 3. Let x(u) = 2*k(u) - o(u). Let r(y) = -2*y - 3. Let q(j) = -4*r(j) - 9*x(j). Give q(0).
3
Let u(b) be the second derivative of 1/12*b**4 - 1/6*b**3 - 3*b + 0 + b**2. Give u(0).
2
Let c(g) = g**2 + 5*g + 3. Let s(o) = 2*o + 9. Let v be s(-7). Let t be c(v). Let a = -5 + t. Let b(r) = -r**2 + 3*r + 2. Calculate b(a).
-8
Suppose t - q = 3*t - 5, 15 = -5*q. Let a(b) = -2*b + 3 + t - 6*b + b**2 + 0. What is a(5)?
-8
Let r(p) = -p**2 + 806 - 802 - 2*p - p. Determine r(-5).
-6
Let b(f) = 4*f**3 + 2*f - 1. Suppose -y - 1 = -2. Let m be b(y). Let c(l) = 3*l**2 - 4*l - 3. Let n(u) = u**2 - 1. Let d(z) = c(z) - 2*n(z). Calculate d(m).
4
Let v(s) be the second derivative of s**4/12 + s**3 + 57*s. Suppose 0 = 4*q + 4*n + 44, -23 = -0*q + q + 4*n. Calculate v(q).
7
Let z be (-6)/15*(2 + -7). Let k be z + ((-3)/3)/(-1). Let t(r) = -3*r**2 + r - 1. Let h(f) = 4*f**2 + 1. Let q(v) = -2*h(v) - 3*t(v). Determine q(k).
1
Let x(f) = -2*f - 4. Let m(n) = n**2 + n + 2. Let y be m(2). Give x(y).
-20
Let u be 4 - 1 - 1/1. Let f(d) = d + 3*d + u + d - 3. Calculate f(-1).
-6
Let m(g) be the first derivative of g**2 - g - 7. Give m(-3).
-7
Let b(g) be the third derivative of 0 + 0*g + 1/120*g**6 - 1/3*g**3 + 3*g**2 - 1/20*g**5 + 1/12*g**4. What is b(3)?
4
Suppose 5*t = 4*f, f - 4*t - 3 = 8. Let u(c) = c**3 + 6*c**2 + 7*c + 5. Give u(f).
-5
Let o be ((-20)/4 - -3)*2. Let f(j) = j**3 + 4*j**2 + 3*j - 1. Calculate f(o).
-13
Let a be -4*6/(-16)*2. Suppose a*g = 1 - 4. Let p(h) = 16*h**2 - 2*h - 1. Determine p(g).
17
Suppose b + b = 5*b. Let w(c) = -c**3 + 1. Give w(b).
1
Let z(n) = -3 - 3 + 2*n + 2*n**3 - 4*n**3 + 0*n**2 - 4*n**2. Let y(g) = g**3 + 2*g**2 - g + 3. Let f(r) = -9*y(r) - 4*z(r). Give f(-3).
3
Let p be 5 + -1 - (3 - 3). Let g(s) = 5*s + 2 - 2*s - 2*s. What is g(p)?
6
Let y(g) = -4*g + 1. Let d(k) = k**3 - 3*k**2 + 3*k - 6. Let q be d(3). What is y(q)?
-11
Let q(y) be the second derivative of -y**3/6 - 2*y**2 + 32*y. Give q(-2).
-2
Let n be -1 - (-17)/(-8) - (-2)/16. Let a(i) = -2*i**2 - 7*i + 4. Let x(d) = -4*d**2 - 13*d + 7. Let t(p) = -5*a(p) + 3*x(p). Determine t(n).
-5
Let a = 7 - 8. Let t(q) = -6*q**2 - 5*q + 1. Let l(y) = y**2 - y. Let b(v) = a*t(v) + 3*l(v). Let j(h) = -h**3 + h**2 + 2*h + 1. Let u be j(-1). Determine b(u).
10
Suppose 0 = 4*z + 5*s + 6 + 3, -3*s = z + 4. Let c be (z - -3)*(-5)/(-10). Let j(q) = -5*q**3 + 2*q**2 - 2*q + 1. Determine j(c).
-4
Let r(v) = 0*v + 4*v - 5*v - 2. Suppose 2*c - 4*t + 15 = c, 0 = 3*c + 3*t - 30. Give r(c).
-7
Let k(v) = 5*v**3 + 5*v**2 - 3*v + 1. Let n(i) = 4*i**3 + 5*i**2 - 2*i + 1. Let f(h) = -3*k(h) + 4*n(h). Let l = 7 + -12. What is f(l)?
-4
Let t be (-12)/10*65/(-13). Let m(v) = -v**2 + 4*v + 3. Give m(t).
-9
Let j(y) = 2*y**2 + 2*y - 1. Let z(w) = w**2 + 2*w - 2. Let v(f) = 2*j(f) - 3*z(f). Calculate v(5).
19
Let d(b) be the third derivative of b**5/60 - b**4/24 + 5*b**2. Let i(q) = -3*q**2 + 4*q - 1. Let y(h) = -2*d(h) - i(h). What is y(1)?
0
Let o(w) = w**3 - 10*w**2 - 7*w - 8. Let v(q) = -q**3 + 10*q**2 + 6*q + 9. Let b(k) = -4*o(k) - 3*v(k). What is b(11)?
-6
Suppose -2*d - 8 = b - 4*d, 4*d = -4*b - 20. Let t(f) be the first derivative of f**3/3 + 4*f**2 + 7*f + 2. What is t(b)?
-5
Let c be (8/3)/(4/6). Let z(w) = -2*w + 6. Let i be z(c). Let d(t) be the first derivative of t**3 - 2*t + 3. Calculate d(i).
10
Let f = -6 - -11. Let b(w) = -3*w**3 + 10*w**2 - 4*w + 5. Let d(a) = 2*a**3 - 7*a**2 + 3*a - 3. Let m(c) = 5*b(c) + 8*d(c). Give m(f).
-4
Let s(o) = -o**2 - 12*o + 6. Let n be s(-13). Let x(d) = -d - 9. Give x(n).
-2
Suppose -5*k - 23 = -2*b + 3*b, 0 = -k - 5*b + 5. Let l(g) = -g**2 - 3*g. Determine l(k).
-10
Let b(a) = -9*a. Let x(v) = v**3 - 7*v**2 + 8*v - 8. Let r be (-1 + 3)/2 - -5. Let z be x(r). Let i = z + -3. Calculate b(i).
-9
Let x = -8 - -22. Suppose -x = 2*a - 4*a. Let h(c) = 3*c + 2 - c**3 - a*c**2 + 0*c**2 + 5*c**2. What is h(-3)?
2
Let f(u) = 2*u + 6. Let a be 0/2 + (-2 - -9). Let j be (4 - a)/(6/8). Determine f(j).
-2
Let h = -31 + 187/6. Let s(c) be the second derivative of h*c**4 - 3*c + 1/2*c**3 + 0 - 2*c**2. What is s(-3)?
5
Let h(n) = 18*n - 7. Let b(l) = -9*l + 4. Let g(j) = 5*b(j) + 3*h(j). Suppose 4*v + 17 = 3*q, 3*q + 0*q + 5*v = -28. Calculate g(q).
-10
Let l(p) = 9*p + 1. Let z(a) = -18*a - 2. Let n(f) = -5*l(f) - 2*z(f). Determine n(-1).
8
Let q(o) = -o**3 - 4*o**2 + 2. Let i be q(-4). Let u = i - 2. Suppose u = -2*r + 3*r - 5. Let k(s) = s**3 - 6*s**2 + 5*s + 4. What is k(r)?
4
Let u(n) = n**2 - n + 1. Let z(g) = g**2 + 2*g**2 - 1 + 7. Let a(k) = -4*u(k) + z(k). Let y = -7 + 11. Give a(y).
2
Let t(v) = v**2 - 12*v - 8. Let f(m) = 4*m - 20. Let h be f(8). Determine t(h).
-8
Let c(s) = s**2 + s - 2. Let z be c(-3). Let k(q) = -2*q**3 - q + 6*q**3 - z*q**2 + 3 - 3*q**3. Suppose -5*v = -20, -5*b + 16 = 3*v - 16. What is k(b)?
-1
Let w(l) = -3*l**2 - 5*l + 0*l**2 + 4 + 2*l**2 + 2*l**2. Suppose -3*s - b - 4 = -20, b - 4 = 0. Calculate w(s).
0
Suppose -4*r = -4*l + 8*l - 28, 3*l - 21 = 3*r. Let j(w) = -w**3 + 8*w**2 - 6*w + 1. Calculate j(l).
8
Let y(w) be the second derivative of -w**4/24 - w**3/6 - 3*w**2/2 - 2*w. Let r(s) be the first derivative of y(s). Determine r(4).
-5
Let j(p) = p**2 + 5*p - 7. Let n(y) = -4*y + 7. Let x be n(3). What is j(x)?
-7
Let c(z) = z**2 - 10*z + 6. Let u = 62 + -52. Determine c(u).
6
Let u(c) = -c**3 + 6*c**2 - 5*c - 7. Suppose 0 = 5*v - 3*v + 8. Let z(w) = -2*w - 3. Let o be z(v). Calculate u(o).
-7
Let p(z) be the second derivative of z**4/12 + 2*z**3/3 - 3*z**2/2 + 5*z. Give p(2).
9
Let g be (-18)/(-3) + 1/(-1). Suppose -j + 22 = -g*z, -2*j + 1 + 11 = -2*z. Let l(c) = 0*c**3 + 3*c**2 + c**3 + j*c**2 + 7 + 3*c. What is l(-5)?
-8
Let m be 2 + -1 + -1 + 0. Let x(y) = 6 - 20*y + 3 + 21*y. Determine x(m).
9
Suppose -2*x = -4*g + 26, g + 0*x = x + 7. Suppose -s + 2 = g. Let t(b) = -b + 1. Let r(l) = -18*l + 12. Let z(d) = -r(d) + 15*t(d). What is z(s)?
-9
Suppose 6 = -4*o - 18. Let l(f) = -f**2 - 8*f - 8. Determine l(o).
4
Let f be (-3 - (-1 - 2)) + 2. Let d(q) = q + 3*q**2 - 2*q - 8 - 2*q**f. Suppose -w = -6*w, 0 = 2*v - 2*w. Calculate d(v).
-8
Suppose 13 = 4*x + 1. Let k(o) = -x*o**2 - o**2 - o**3 + o**2 + 1 + 2*o**3. Give k(2).
-3
Let d(a) = a - 3. Let u be d(3). Let z be (1 - (2 + u)) + 3. Let v(t) = 26 - 12 + t - 15. Determine v(z).
1
Let v(h)